or of y and q?
11
Suppose 580 - 3310 = -35*f. What is the greatest common factor of 338 and f?
26
Let m be -9 + (-6 - -240) + 10. What is the highest common factor of 188 and m?
47
Let s = 731 - -4255. Calculate the highest common divisor of 18 and s.
18
Let y = -515 + 564. Let w be ((-25)/(525/(-36)))/(2/y). What is the greatest common factor of w and 28?
14
Let q be (-7696)/(-112) + (-2)/(-7). Let u = 77 - q. Suppose -3*m = -4*w - 124, -3*m = 5*w - 16 - 99. Calculate the greatest common divisor of m and u.
8
Suppose -2*m + 8 = 4*g, 2*m - 6 = -2. Let f(s) = -3 + s**2 + 57*s**3 + 0 - 61*s**3 - 2*s. Let d be f(-1). What is the greatest common divisor of d and g?
1
Suppose -45 = -3*v + 12. Suppose -v = -k - 14. Suppose 32 = k*b + 3*b. Calculate the greatest common factor of b and 14.
2
Let v(n) = -48*n + 44. Let o be v(-2). Let z(q) = -q**3 + 13*q**2 - 14*q + 2. Let s be z(8). What is the highest common factor of o and s?
70
Let m(w) = -4*w + 38. Let r(h) = h - 10. Let s(j) = -6*m(j) - 26*r(j). Let v be s(11). Calculate the greatest common factor of 20 and v.
10
Let r be (1 - 76)/((-249)/664). Calculate the highest common divisor of r and 70.
10
Let w(k) = 8*k**2 - 7*k - 21. Let r be w(-3). What is the greatest common divisor of r and 1908?
36
Let p = 738 - 481. Suppose 11*i - p = -4. Let n be (-11 - -10)/(45/i - 2). Calculate the greatest common divisor of 115 and n.
23
Let h be (7/(140/(-344)))/(20/(-50)). Let f = 83 - h. What is the highest common factor of f and 8?
8
Let t be (-3 - 6)*(-48)/108. Suppose -2*y = 3*h - 7 + 3, t*h + 8 = 4*y. What is the greatest common divisor of 9 and y?
1
Let k = -1553 - -4426. Calculate the greatest common factor of k and 17.
17
Let p = 4186 + -2836. What is the highest common factor of p and 495?
45
Let n be 74/4 - 4/8. Let p(h) = -h**3 - 15*h**2 - 41*h - 327. Let a be p(-15). What is the greatest common divisor of a and n?
18
Let o(p) = -p**3 + 10*p**2 - 7. Let v be o(10). Let b(q) = -15*q - 89. Let y be b(v). What is the highest common divisor of y and 496?
16
Let s(r) = 34*r**2 - 26*r. Let p be s(4). Let i(m) = -m**2 - 15*m - 12. Let b be i(-8). Calculate the highest common factor of b and p.
44
Suppose -13104 = 100*f - 244*f. Calculate the highest common factor of 208 and f.
13
Suppose -3*n + 5408 = n. Suppose -6*m - n = 256. Let o = m + 408. Calculate the greatest common divisor of o and 35.
35
Let b be (-1 - (-1 - 1)) + 342. Suppose -6*l + b = -965. Let h = l + -122. What is the highest common factor of 24 and h?
24
Let q(y) = -4*y - 78. Let a be q(-20). Let g be (7 - a)/5 + 350. Calculate the greatest common factor of g and 39.
39
Suppose -64*t + 1044 = -35*t. Let v = 47 - t. Calculate the highest common divisor of 176 and v.
11
Let h be 10*(299/26 + -9). Calculate the highest common factor of 35 and h.
5
Let x(w) = 5*w - 38. Suppose 489 = -4*l + 5*k + 97, -5*k - 226 = 2*l. Let j = l + 113. Let h be x(j). Calculate the greatest common divisor of 84 and h.
12
Let s be 24 + -10 + (26 - 5). Calculate the highest common divisor of s and 203.
7
Let t be ((-6)/(-10))/((-8)/20)*116/(-3). Calculate the highest common factor of 174 and t.
58
Let r(q) = -q**2 + 7*q + 4. Let t be r(7). Suppose t*w + 1 = 5. Let o(i) = 12*i + 189. Let l be o(-15). Calculate the highest common divisor of w and l.
1
Let g(l) = l**3 - 3*l**2 - 7*l + 6. Let j be g(4). Suppose 0 = -61*r + 10*r. Let o be j*(-2 + -3 - (r - 4)). What is the greatest common divisor of o and 24?
6
Let p(k) = 2*k**2 - 38*k + 115. Let w(j) = -j**2 - 30*j - 7. Let t be w(-29). Let u be p(t). Calculate the greatest common divisor of u and 13.
13
Let i be 14/(-6) - 5047/(-147). Suppose z + 133 + 15 = -4*g, z + 139 = 5*g. Let h = 80 - z. Calculate the greatest common factor of i and h.
32
Let w = -1891 - -515. Let x be (-9)/(90/w) + 10/25. Calculate the greatest common divisor of x and 46.
46
Let t(y) = y**2 - 27*y - 953. Let m be t(-34). Calculate the highest common factor of 177 and m.
59
Let o(v) = -v**3 - 2*v**2 + 435*v + 612. Let s be o(0). What is the highest common factor of s and 5661?
153
Let q(k) = -62*k**3 - 7*k**2 - 14*k - 16. Let n be q(-2). Calculate the greatest common factor of 132 and n.
12
Let o be -39 - -3 - (-4 - -1). Let i be (-2)/(-11) + (6 - 1248/o). Suppose d - 4 + 0 = 0. What is the greatest common divisor of i and d?
4
Suppose -100*f + 97*f = -18. Let u(a) = 3 + 2*a**3 + 0 - 6 - 11*a**2. Let r be u(f). What is the greatest common divisor of 22 and r?
11
Let p = -1786 - -1868. Calculate the greatest common divisor of p and 7298.
82
Let n(v) = -v**3 - v + 130 - 3*v**2 + 0*v**2 - 10 - v**2. Let b be n(0). Calculate the greatest common divisor of b and 15.
15
Let j = 805 - -980. What is the greatest common divisor of 153 and j?
51
Let t(v) = -3*v - 3. Let o be t(-11). Let s(d) = -d - 18. Let j be s(-20). Suppose -j*z + 140 = 5*z. Calculate the highest common divisor of z and o.
10
Let s(f) = 3*f**2 + 5*f - 5. Let n be s(-6). Let r be (-50224)/(-3096)*18/(-4)*(0 + -7). What is the greatest common divisor of r and n?
73
Suppose u = -107*h + 108*h - 9013, 20 = -4*u. What is the greatest common factor of 48 and h?
16
Let d = -21 - -46. Let o(a) = 200*a. Let t be o(1). What is the greatest common divisor of t and d?
25
Let s be (-23)/((-805)/56)*5 + 0. Calculate the greatest common factor of 6676 and s.
4
Suppose 4*r + 5*g - 10*g = 77, 3*r + g - 53 = 0. Suppose 2*l + 3*o = 114, 0 = -l - 0*l - 5*o + 64. Calculate the greatest common divisor of r and l.
18
Suppose -472*a + 1134 = -445*a. Calculate the highest common factor of 6678 and a.
42
Let s(h) = h**3 + 7 + 10*h**3 + 2*h**2 - 5*h - 10*h**2 - 13*h**3. Let j be (-168)/35 + (-3)/15. Let o be s(j). What is the greatest common factor of 205 and o?
41
Let h be (-12)/((-60)/(-25)) - -1463. Let t be 4/(-10) + (h/45 - -13). What is the greatest common divisor of t and 765?
45
Let a = 19670 + -19410. What is the greatest common factor of 130 and a?
130
Suppose 18*n - 23 = 337. Suppose 3*p = 2*z, 2*z = -2*z + p + 10. Suppose 5*t + 39 = f, z*t = -2*t - n. Calculate the highest common factor of 152 and f.
19
Let b(u) = 27*u + 29. Let o be b(-1). Suppose i + o*j = 102 - 14, -94 = -i + j. What is the highest common divisor of 23 and i?
23
Suppose 20*u = 15*u - 2*a + 3639, -4*u - 4*a = -2916. Let l = u + -210. Let m(x) = -24*x - 1. Let t be m(-2). Calculate the highest common divisor of l and t.
47
Suppose -3*k + 8*k = 840. Let i = 981 + -1081. Let d = k + i. Calculate the highest common factor of 34 and d.
34
Let g = -6131 - -6154. Let a = 8 + -5. Let p(q) = 83*q + 4. Let j be p(a). What is the highest common factor of g and j?
23
Suppose 5*j + 71 - 191 = 0. Suppose -3*i + 1500 - 87 = 0. Suppose 3*a - 2*l = -l + 357, -4*a + i = -3*l. What is the greatest common divisor of j and a?
24
Suppose -129*v = -120*v - 486. Let p be ((-290)/(-70) - -2) + (-2)/14. What is the greatest common divisor of v and p?
6
Let d = 308 - 218. Suppose 137*t + d = 142*t. What is the highest common factor of 234 and t?
18
Let h = -76 - 8. Let p = h - -83. Let v be 119 - p - (11 - 2)/3. Calculate the greatest common factor of 13 and v.
13
Let c(k) = -8*k - 20. Let m be c(-5). Let z be (142 - 132) + 15*6. Calculate the highest common divisor of z and m.
20
Suppose -98*y = -60*y - 53*y + 17760. What is the greatest common divisor of 222 and y?
74
Let k be ((-15)/(-20)*-59)/((-35)/980). Calculate the greatest common divisor of k and 105.
21
Let l(t) = 2*t**2 + 19*t + 64. Let i(d) = -d**2 + 4*d + 13. Let x be i(-3). Let s be l(x). Let k = 26 - 2. Calculate the greatest common factor of k and s.
8
Let m(o) = 5*o**3 - 3*o. Let n be m(4). Suppose -29*l + 2236 = q, 561 = l - 2*q + 490. Calculate the greatest common divisor of n and l.
77
Let o(k) = 14*k**2 + k - 1. Let n be o(-2). Let d = -47 + n. Suppose -8*w = -d*w - 60. Calculate the greatest common factor of w and 120.
30
Suppose 10 = 296*g - 294*g. Let l be 2769/52 + g/(-4). Calculate the greatest common divisor of 91 and l.
13
Let a(i) = 35*i**3 + 4*i**2 - 55*i + 316. Let c be a(7). Calculate the greatest common factor of 72 and c.
36
Let a be 1 - (-5)/(35/182). What is the greatest common factor of a and 4464?
9
Suppose -14*g - 426 = 232. Let d = g + 47. Suppose d = 3*p - 3*a - 3